the prime factors of 2919.
3, 7, 139
What are the prime factors of 32967?
3, 11, 37
List the prime factors of 904.
2, 113
What are the prime factors of 8006?
2, 4003
What are the prime factors of 74918?
2, 47, 797
List the prime factors of 17973.
3, 1997
List the prime factors of 1966.
2, 983
What are the prime factors of 4271?
4271
What are the prime factors of 47700?
2, 3, 5, 53
What are the prime factors of 8164?
2, 13, 157
List the prime factors of 559.
13, 43
List the prime factors of 2459.
2459
List the prime factors of 1014.
2, 3, 13
What are the prime factors of 19868?
2, 4967
What are the prime factors of 12789?
3, 7, 29
What are the prime factors of 1391?
13, 107
What are the prime factors of 1180?
2, 5, 59
List the prime factors of 772.
2, 193
What are the prime factors of 74200?
2, 5, 7, 53
List the prime factors of 2886.
2, 3, 13, 37
List the prime factors of 1117.
1117
What are the prime factors of 17990?
2, 5, 7, 257
List the prime factors of 41076.
2, 3, 7, 163
List the prime factors of 12575.
5, 503
List the prime factors of 112073.
13, 37, 233
What are the prime factors of 9082?
2, 19, 239
What are the prime factors of 2079?
3, 7, 11
What are the prime factors of 3297?
3, 7, 157
What are the prime factors of 1564?
2, 17, 23
List the prime factors of 4588.
2, 31, 37
What are the prime factors of 2345?
5, 7, 67
List the prime factors of 12459.
3, 4153
What are the prime factors of 1032?
2, 3, 43
What are the prime factors of 8782?
2, 4391
List the prime factors of 4822.
2, 2411
List the prime factors of 17557.
97, 181
What are the prime factors of 36609?
3, 12203
What are the prime factors of 3114?
2, 3, 173
What are the prime factors of 3898?
2, 1949
What are the prime factors of 271?
271
What are the prime factors of 24517?
24517
What are the prime factors of 2197?
13
List the prime factors of 257.
257
What are the prime factors of 59802?
2, 3, 9967
What are the prime factors of 35556?
2, 3, 2963
List the prime factors of 28795.
5, 13, 443
What are the prime factors of 170218?
2, 85109
What are the prime factors of 53057?
17, 3121
What are the prime factors of 290?
2, 5, 29
List the prime factors of 3360.
2, 3, 5, 7
List the prime factors of 12037.
12037
List the prime factors of 22566.
2, 3, 3761
What are the prime factors of 680?
2, 5, 17
List the prime factors of 5472.
2, 3, 19
List the prime factors of 10185.
3, 5, 7, 97
What are the prime factors of 6301?
6301
List the prime factors of 9260.
2, 5, 463
What are the prime factors of 18528?
2, 3, 193
What are the prime factors of 3402?
2, 3, 7
What are the prime factors of 107987?
11, 9817
What are the prime factors of 672?
2, 3, 7
What are the prime factors of 123259?
123259
What are the prime factors of 4895?
5, 11, 89
What are the prime factors of 14403?
3, 4801
What are the prime factors of 25037?
25037
What are the prime factors of 6076?
2, 7, 31
List the prime factors of 7105.
5, 7, 29
What are the prime factors of 95?
5, 19
List the prime factors of 661.
661
List the prime factors of 1060.
2, 5, 53
List the prime factors of 1053.
3, 13
What are the prime factors of 1005?
3, 5, 67
What are the prime factors of 18819?
3, 17, 41
List the prime factors of 2166.
2, 3, 19
What are the prime factors of 18875?
5, 151
List the prime factors of 12174.
2, 3, 2029
What are the prime factors of 2680?
2, 5, 67
List the prime factors of 3577.
7, 73
What are the prime factors of 1534?
2, 13, 59
What are the prime factors of 815?
5, 163
List the prime factors of 3299.
3299
List the prime factors of 98320.
2, 5, 1229
List the prime factors of 8282.
2, 41, 101
What are the prime factors of 9405?
3, 5, 11, 19
What are the prime factors of 1104?
2, 3, 23
List the prime factors of 69302.
2, 34651
List the prime factors of 114.
2, 3, 19
List the prime factors of 2025.
3, 5
List the prime factors of 65764.
2, 41, 401
List the prime factors of 14674.
2, 11, 23, 29
List the prime factors of 9921.
3, 3307
What are the prime factors of 75164?
2, 19, 23, 43
What are the prime factors of 267?
3, 89
List the prime factors of 132296.
2, 23, 719
List the prime factors of 124.
2, 31
What are the prime factors of 36091?
11, 17, 193
What are the prime factors of 36039?
3, 41, 293
List the prime factors of 246.
2, 3, 41
What are the prime factors of 331?
331
What are the prime factors of 81284?
2, 7, 2903
What are the prime factors of 14484?
2, 3, 17, 71
What are the prime factors of 1663?
1663
What are the prime factors of 25991?
7, 47, 79
List the prime factors of 2862.
2, 3, 53
What are the prime factors of 1244?
2, 311
List the prime factors of 664.
2, 83
What are the prime factors of 4418?
2, 47
What are the prime factors of 2297?
2297
What are the prime factors of 23180?
2, 5, 19, 61
List the prime factors of 2329.
17, 137
List the prime factors of 371.
7, 53
What are the prime factors of 5279?
5279
List the prime factors of 5396.
2, 19, 71
What are the prime factors of 123226?
2, 61613
List the prime factors of 9322.
2, 59, 79
List the prime factors of 3638.
2, 17, 107
What are the prime factors of 48042?
2, 3, 17, 157
List the prime factors of 3360.
2, 3, 5, 7
List the prime factors of 4326.
2, 3, 7, 103
What are the prime factors of 1059?
3, 353
What are the prime factors of 69063?
3, 23021
What are the prime factors of 89517?
3, 53, 563
What are the prime factors of 1452?
2, 3, 11
List the prime factors of 17967.
3, 53, 113
List the prime factors of 6657.
3, 7, 317
What are the prime factors of 42510?
2, 3, 5, 13, 109
What are the prime factors of 15705?
3, 5, 349
What are the prime factors of 8440?
2, 5, 211
What are the prime factors of 88407?
3, 11, 19, 47
What are the prime factors of 15107?
15107
What are the prime factors of 10773?
3, 7, 19
List the prime factors of 45505.
5, 19, 479
List the prime factors of 40236.
2, 3, 7, 479
List the prime factors of 901.
17, 53
What are the prime factors of 2339?
2339
What are the prime factors of 104743?
104743
What are the prime factors of 1738?
2, 11, 79
What are the prime factors of 12014?
2, 6007
List the prime factors of 129.
3, 43
What are the prime factors of 11272?
2, 1409
List the prime factors of 12124.
2, 7, 433
List the prime factors of 32192.
2, 503
What are the prime factors of 144392?
2, 18049
What are the prime factors of 2190?
2, 3, 5, 73
What are the prime factors of 1149?
3, 383
List the prime factors of 28228.
2, 7057
List the prime factors of 1852.
2, 463
What are the prime factors of 66413?
66413
List the prime factors of 10040.
2, 5, 251
List the prime factors of 71973.
3, 11, 727
What are the prime factors of 1334?
2, 23, 29
List the prime factors of 78488.
2, 9811
List the prime factors of 32219.
11, 29, 101
List the prime factors of 19805.
5, 17, 233
What are the prime factors of 42425?
5, 1697
List the prime factors of 53240.
2, 5, 11
What are the prime factors of 57617?
7, 8231
List the prime factors of 453.
3, 151
List the prime factors of 36729.
3, 7, 11, 53
List the prime factors of 93576.
2, 3, 7, 557
List the prime factors of 2114.
2, 7, 151
What are the prime factors of 717?
3, 239
List the prime factors of 15255.
3, 5, 113
List the prime factors of 1754.
2, 877
What are the prime factors of 1165?
5, 233
What are the prime factors of 10470?
2, 3, 5, 349
What are the prime factors of 97270?
2, 5, 71, 137
What are the prime factors of 917?
7, 131
What are the prime factors of 6930?
2, 3, 5, 7, 11
What are the prime factors of 220?
2, 5, 11
List the prime factors of 10674.
2, 3, 593
What are the prime factors of 6485?
5, 1297
List the prime factors of 7353.
3, 19, 43
List the prime factors of 1746.
2, 3, 97
List the prime factors of 333.
3, 37
What are the prime factors of 7481?
7481
What are the prime factors of 5078?
2, 2539
List the prime factors of 320.
2, 5
List the prime factors of 13396.
2, 17, 197
List the prime factors of 337.
337
What are the prime factors of 5149?
19, 271
What are the prime factors of 4376?
2, 547
What are the prime factors of 6218?
2, 3109
What are the prime factors of 10183?
17, 599
What are the prime factors of 7372?
2, 19, 97
List the prime factors of 7739.
71, 109
List the prime factors of 95710.
2, 5, 17, 563
List the prime factors of 144464.
2, 9029
What are the prime factors of